*p + 5. Determine y(j).
-7
Let j(k) be the first derivative of k**4/4 + 2*k**3 + 3*k**2 - 7*k - 312. Calculate j(-4).
1
Let x(m) = 5*m - 6*m - 8 + 1 - 6. Calculate x(-12).
-1
Let s = 18 + -13. Suppose -n - 5*k = 23, -3*n + s*k - 3*k + 16 = 0. Let z(f) = f**2 - 13*f + 8*f - n*f. What is z(6)?
-6
Suppose 3 = -w + 5*t + 15, 3*t + 2 = -2*w. Let z(b) = -1 - 1 + 6*b - b**3 - 2 - 5*b**w - 3. Calculate z(-6).
-7
Let w(c) = c**2 + 3*c + 2. Let b = -15 - -18. Suppose 0 = 4*u + b*u + 21. Give w(u).
2
Let i(j) be the second derivative of -j**5/20 + j**4/2 - 7*j**2/2 - 68*j. Determine i(6).
-7
Suppose -4*y - 16 = o - 2, 0 = -5*o - y - 108. Let u(g) = -g**2 - 23*g - 23. What is u(o)?
-1
Let r(t) = t**2 + 5*t + 2. Suppose -z - 20 = 3*z. Let v be r(z). Suppose 4*b + 0*b = -v*q - 14, b + 5*q - 1 = 0. Let p(s) = s**2 + 5*s + 2. Calculate p(b).
-2
Let p(a) = 4*a - 34. Let l(k) = -k + 6. Let w(m) = -22*l(m) - 4*p(m). Determine w(3).
22
Suppose -3*m + 3*r = 48, -3*m + r - 83 = -29. Let f(o) = 2*o + 28. Determine f(m).
-10
Let r(j) = 3*j + 1. Let d = -236 - -235. What is r(d)?
-2
Suppose 4*v + 1 = -11. Let a(x) = x**3 + 2*x**2 - 3*x + 1. What is a(v)?
1
Let n = 1 - 1. Let w(b) be the second derivative of -b**5/20 - b**4/12 - b**3/6 + b**2/2 - 28*b. Let j be w(n). Let t(a) = -5*a**2 - a. What is t(j)?
-6
Let n(m) = 3*m + 3. Suppose 90 = -5*w - 3*s, -4*s + 90 = -5*w + s. Let r be (-7)/9 + 4/w. Let f be (-30)/9 + r/(-3). Give n(f).
-6
Let i(u) be the second derivative of -3/2*u**2 + 1/3*u**4 + 0 - 3*u - 2/3*u**3 - 1/60*u**5. Let d(l) be the first derivative of i(l). What is d(3)?
11
Let o(l) = -29*l - 340. Let t be o(-12). Let n(r) = -r**2 + 6*r - 2. Calculate n(t).
-18
Let f(p) be the second derivative of -p**3/3 + 11*p**2 - 19*p. Let t be f(9). Let c(y) = 6*y**2 - y**2 - 3 + 2 - 4*y - y**3. Give c(t).
-1
Suppose 40*l + 60 = 35*l. Let t(f) = 5*f + 4. What is t(l)?
-56
Let y(v) = -10*v**3 - 3*v**2 - 3*v + 1. Let c(w) = -11*w**3 - 4*w**2 - 4*w + 1. Let b(h) = -3*c(h) + 4*y(h). Determine b(1).
-6
Suppose -19 = -18*j + 35. Let q(o) be the third derivative of 0 + 1/6*o**j - 2*o**2 + 0*o + 5/24*o**4. Calculate q(-2).
-9
Let t(y) = 7*y**2 - 4*y + 1. Let q(b) = -32*b**2 + 18*b - 4. Let n(h) = 2*q(h) + 9*t(h). Let z be -1 + 1 + 1*2. Give n(z).
-3
Suppose 0 = -9*b - 58 - 23. Let l(j) = -j**2 - 9*j + 2. Let n be l(b). Let f(t) = -2*t**2 + 2*t - 2. What is f(n)?
-6
Let q be (-12)/(-30) + 10/(-25). Let d(b) = b - 3 - 3 - b**2 + 2. Give d(q).
-4
Suppose 3*r + 0*b - 2*b - 10 = 0, 18 = 5*r - 3*b. Suppose 4*g - 3*g = r. Let t(v) = -v**2 - 21*v + 13*v - g + 13*v. Calculate t(4).
-2
Let l(u) = u + 2*u - 3 - 6*u. Let y(x) = -x**3 + 3*x**2 + 2*x - 3. Let n be y(3). Suppose 2*q = -n*q + 15. Give l(q).
-12
Let b(v) = 228*v**2 - 2*v - 460*v**2 + 234*v**2 + 3. Determine b(-3).
27
Let v(a) = a**3 - 2*a**2 - a + 1. Suppose 0 = u - 5, 4*u + 16 = -b + 5*u. Let y = b + 16. Suppose -4 = m - y*m + x, 4*x = 3*m + 10. Give v(m).
-1
Let a be ((-1)/(-3))/(5/90). Let z(d) be the first derivative of d**2/2 + 5*d + 12. Give z(a).
11
Let i(p) = p**3 - 6*p**2 - p. Let r(a) = -a**2 - 14*a - 40. Let u be r(-9). Suppose 3*w + 2 = -4*g, u*w - g + 0*g - 35 = 0. Determine i(w).
-6
Let n(x) = 32*x + 22. Let f(l) = 7*l + 1. Let m(k) = 5*f(k) - n(k). Give m(0).
-17
Let o(f) = 31*f - 4. Let i(j) = -23*j + 3. Let w(g) = -4*i(g) - 3*o(g). Calculate w(12).
-12
Let p(r) be the second derivative of r**4/4 - r**3/3 + r**2 + 161*r. Give p(3).
23
Let m = 17 - 17. Let v(t) = -3*t - 7*t**2 - 1 + 8*t**2 + 0*t**2 + m*t**2. Give v(4).
3
Let n(z) = 7*z + 31. Let g(x) = -8*x - 33. Let t(j) = 6*g(j) + 7*n(j). Calculate t(-12).
7
Let p(g) = 2*g + 5. Let m(l) = 3*l**3 + l**3 - 7*l**2 - 6 + 5*l**3 - 8*l**3. Let z be m(7). What is p(z)?
-7
Let u(z) = 3*z + 13. Let j be u(-6). Let v = 6 + -4. Let d(h) = 1 - h + 3*h**2 - h**v + 8*h. Calculate d(j).
16
Let d(n) be the third derivative of n**4/6 + n**3 + 60*n**2 - 3. What is d(-9)?
-30
Suppose -n = l - 2, -2*l + 4*l - 9 = -n. Let v(u) = 4 - l*u + 437*u**2 - 2 - 438*u**2. Calculate v(-5).
12
Let j(n) be the third derivative of 23*n**6/120 + n**4/12 + n**3/6 + 159*n**2. Calculate j(-1).
-24
Let h(r) = -2 + 3 - 5 + 4*r**2. Let q(u) = -u**3 + 14*u**2 + 32*u + 1. Let f be q(16). Let p(i) = i**2. Let s(t) = f*h(t) - 3*p(t). Give s(0).
-4
Let p be 6/2*(-3)/18*4. Let b = p + 1. Let v(s) be the second derivative of 7*s**4/12 - s**3/6 - s**2/2 + 5*s. Calculate v(b).
7
Suppose -72*t = -28*t - 220. Let z(p) = p + 10. Calculate z(t).
15
Let i = -1155 + 1167. Let g(q) = -q**2 + 14*q - 30. What is g(i)?
-6
Let p(u) = u**2 + 15*u + 45. Let a be p(-11). Let c(z) = -z**3 + 2*z**2 - 1. What is c(a)?
0
Let a(m) = -m + 14. Let x be 3/((-12)/(-4)) - -3. Suppose 0 = -2*w + 2*q + 6, -x = -2*q + 2. Determine a(w).
8
Suppose 8*x - 4 = -4. Suppose 0*y + 4*y - s - 27 = x, -2*y - 4*s = 0. Let a(g) = g**2 - 8*g + 4. Calculate a(y).
-8
Let d(c) = c**2 - 6*c + 7. Let w(n) = -4*n**2 + 20*n - 12. Let u be w(4). What is d(u)?
-1
Let y(d) = 42*d - 34. Let i be y(1). Let k(t) be the third derivative of 0*t + 0 + 3/2*t**3 - t**2 - 1/12*t**4. Determine k(i).
-7
Suppose 0 = -3*r - 6 - 9. Let h(s) be the third derivative of -s**5/60 - s**4/4 + s**3/2 - 238*s**2. Calculate h(r).
8
Let g(m) = -2*m**2 - 14*m - 25. Let i(f) = -f**2 - 7*f - 13. Let s(c) = 6*g(c) - 11*i(c). Determine s(-7).
-7
Suppose -16*v - 8 = -11 + 3. Let n(l) = -5*l**2 + 11*l + 9. Let b(w) = 3*w**2 - 7*w - 6. Let i(a) = -8*b(a) - 5*n(a). Calculate i(v).
3
Let x be (-7 - (-4 - 0)) + 2. Let h(k) = 3*k**2 + 3. Let r(w) = 4*w**2 + 5. Let m(p) = 8*h(p) - 5*r(p). Give m(x).
3
Let q be -5*((0 - -1) + -2) - -2. Let c(p) = -p**2 + 8*p - 1. Give c(q).
6
Suppose 16 = -2*i - 4*b, -23 = 5*i - 3*b + 17. Let d be (-4)/i*(1 - 1). Let c(j) be the second derivative of -j**4/12 - 9*j**2/2 - 16*j. What is c(d)?
-9
Let q(t) = 2*t - 1. Suppose -2*h - 8 = 3*p + 20, 4*p = -5*h - 42. Let n be (4/p)/(2/4). Give q(n).
-3
Let q = -24/65 - -113/130. Let g(k) be the first derivative of q*k**2 + 0*k - 3. Determine g(5).
5
Let o(u) be the second derivative of u**4/4 + 2*u**3/3 + u**2 - u. Let z(r) = -r**2 + 5*r - 6. Let h be -6*4/18*-3. Let f be z(h). Determine o(f).
6
Suppose 0 = -5*c - 6*c - 44. Let n(z) = z + 1. Let x(p) = 2*p + 2. Let k(i) = -7*n(i) + 3*x(i). What is k(c)?
3
Let x be (-29)/(-9) + -2 + 4/(-18). Let p(h) = -33*h**3 - 3*h**2 + 3*h - 1. What is p(x)?
-34
Let q(u) be the third derivative of 1/60*u**5 - 22*u**2 + 0*u + 1/6*u**3 + 0 - 7/120*u**6 + 1/24*u**4. Let k = -3 - -2. What is q(k)?
8
Let w(m) = 3*m - 1637 - 5*m + m + 1647. Determine w(3).
7
Let t be (3 + (-12)/(-3) - 6) + -5. Let l(h) = -h**3 - 6*h**2 - 5*h - 6. What is l(t)?
-18
Suppose -2*x + 1 = 5*r - 19, -20 = -5*r - 5*x. Let a(o) = -o**2 - o + 9. Give a(r).
-11
Let x(b) = -2*b - 2. Suppose 34 - 70 = -12*s. Calculate x(s).
-8
Suppose u + 7*f = 8*f - 4, -2*u - 20 = -5*f. Let s(b) = b**2 - 2*b**2 - 1 + u + 0*b**2. Calculate s(-2).
-5
Let u(w) be the first derivative of -w**4/4 + 11*w**3/3 - 15*w**2/2 + 14*w + 731. Calculate u(10).
-36
Suppose f = 4, -4*f + 33 = 3*d - 2*d. Suppose 0 = -22*z + d*z + 40. Let h(t) = 16*t**3 - 17*t**3 + z*t - 3*t**2 - 4*t. Give h(-4).
0
Let l(r) be the first derivative of r**2/2 + 12*r + 1. Suppose -4*t - 27 - 49 = 0. Let n = -26 - t. Determine l(n).
5
Let v(k) = k**2 + 11*k + 10. Suppose 0 = -5*z + 5*a - 50, 3*a + 25 = -3*z + a. What is v(z)?
-8
Let q(l) = -5*l - 106. Let t be q(-20). Let m(v) = v + 4. Give m(t).
-2
Let y = 24 - 17. Let r(k) = k + y*k**2 - 2 - 3*k**3 + k**3 + 2*k**3 + k**3. Give r(-7).
-9
Let j be ((-5)/(-10))/(2/8). Suppose t + 3*t - j*g + 62 = 0, 3*t - g + 45 = 0. Let s be (60/(-35))/(3/t). Let n(c) = c**3 - 9*c**2 + 8*c + 3. Determine n(s).
3
Let d(s) = -s**3 + 9*s**2 - 7*s + 5. Let i(r) = -4*r**3 + 28*r**2 - 21*r + 16. Suppose -2*w - 7*w = 18. Let x(u) = w*i(u) + 7*d(u). Determine x(-8).
-5
Let v(x) be the second derivative of -3/2*x**2 + 0 - 18*x - 1/12*x**4 - 2/3*x**3. Calculate v(-4).
-3
Let f be ((-6)/(-21))/((-7)/(-98)). Let y(u) = 0 + 15*u - 8*u - f*u + 4 - u**2. Determine y(-3).
-14
Let c(x) = 2*x + 1. Let p be 6*(-2)/8*(15 - 7). What is c(p)?
-23
Let i be 2 - 2 - (0 - 4). Let a(y) = -y - 8. Let x(r) = -4*r - 52. Let h(b) = 6*a(b) - x(b). Give h(i).
-4
Suppose 5